{"id":38,"date":"2018-06-29T11:40:17","date_gmt":"2018-06-29T09:40:17","guid":{"rendered":"http:\/\/54.93.33.60\/scoiattolo\/?page_id=38"},"modified":"2019-10-09T15:37:17","modified_gmt":"2019-10-09T13:37:17","slug":"termini-e-condizioni","status":"publish","type":"page","link":"https:\/\/bottega.scoiattolo.org\/index.php\/termini-e-condizioni\/","title":{"rendered":"Termini e condizioni"},"content":{"rendered":"<p><strong>1. PREMESSA<\/strong><br \/>\nQuesto sito \u00e8 di propriet\u00e0 della Cooperativa Sociale Lo Scoiattolo, con sede legale in Monzuno (40036 BO), Via Bignardi 13, Italia (Sede operativa a Sasso Marconi (40037 BO), Via Setta 64. P. IVA 00663841203, registrata presso la Camera di Commercio di Bologna, REA BO- 318087 (di seguito \u201cLo Scoiattolo\u201d) ed \u00e8 dedicato alla vendita al dettaglio a chi (di seguito \u201cCliente\u201d) si \u00e8 identificato fornendo i propri dati mediante la compilazione del modulo di registrazione.<\/p>\n<p><strong>2. Condizioni generali di vendita<\/strong><br \/>\nLo Scoiattolo osserva le norme relative ai contratti a distanza (DL. 206\/2005) e tutti i rapporti con il Cliente sono regolati secondo le condizioni generali di vendita seguenti (di seguito \u201cCondizioni Generali\u201d), escludendo qualsiasi altra pattuizione se non concordata in forma scritta. L\u2019inserimento di un ordine on-line implica l&#8217;accettazione integrale delle Condizioni Generali, che si applicano solo sul territorio Italiano e per tutte le vendite effettuate tramite il dominio bottega.scoiattolo.org (&#8220;Sito&#8221;).<br \/>\nL&#8217;utilizzo dei servizi \u00e8 consentito agli utenti registrati, che abbiano creato un account, preso visione dell&#8217;Informativa relativa al trattamento dei dati personali ed accettato le Condizioni Generali. Lo Scoiattolo considera che, confermando il suo ordine il Cliente abbia letto ed accettato senza riserve le condizioni di vendita. Qualsiasi persona che agisca in nome del Cliente lo rappresenter\u00e0 e impegner\u00e0 nei confronti della Cooperativa, dal momento che il cliente stesso \u00e8 direttamente responsabile della conservazione sicura e dell&#8217;uso della propria password personale.<br \/>\nLe Condizioni Generali possono essere modificate e\/o integrate in qualsiasi momento, salvo il diritto di recesso dell&#8217;utente di cui alla voce relativa. Rimane inteso che eventuali modifiche e\/o nuove condizioni saranno valide per ordini successivi alla loro pubblicazione sul Sito.<br \/>\nLe modalit\u00e0 di trasporto e pagamento sono elencate in dettaglio nelle relative sezioni e sono da ritenersi parte integrante ed essenziale del presente contratto. Le modalit\u00e0 di trattamento dei dati personali (privacy) sono elencate nella relativa sezione e sono da ritenersi anch\u2019esse parte integrante del presente contratto.<\/p>\n<p><strong>3. Registrazione degli utenti<\/strong><br \/>\nPer acquistare \u00e8 necessario registrarsi al sito, mentre tutte le altre attivit\u00e0 non lo richiedono. La registrazione \u00e8 gratuita e viene effettuata al momento della compilazione del primo ordine tramite l\u2019inserimento di un indirizzo e-mail e di una password e la compilazione dei campi obbligatori; ad ogni successivo rientro nel nostro Sito (come Cliente registrato) sar\u00e0 sufficiente inserire UserID e Password per visualizzare i propri dati ed eventualmente modificarli. Le credenziali di accesso devono essere utilizzate esclusivamente dal Cliente e non possono essere cedute a terzi; ogni utente potr\u00e0 effettuare una sola registrazione, con facolt\u00e0 dello Scoiattolo di cancellare le registrazioni multiple.<br \/>\nIl Cliente \u00e8 esclusivo responsabile dell&#8217;accesso al Sito mediante le credenziali di registrazione e risponde direttamente di ogni eventuale danno e\/o disagio e\/o pregiudizio arrecato, anche a terzi. Laddove dovesse ravvisare un uso improprio, anomalo o illegittimo delle proprie credenziali, \u00e8 tenuto a darne immediatamente avviso tramite e-mail, all&#8217;indirizzo <a href=\"mailto:bottega@scoiattolo.org\">bottega@scoiattolo.org<\/a>.<br \/>\nLo Scoiattolo ha anche facolt\u00e0, a proprio insindacabile giudizio, di rifiutare l&#8217;iscrizione di determinati utenti; e potr\u00e0 rifiutare ordini che appaiono dubbi in relazione alla quantit\u00e0 dei beni oggetto degli stessi, alla frequenza temporale o per qualsiasi altra circostanza che appaia anomala.<\/p>\n<p><strong>4. Informazioni sui prodotti<\/strong><br \/>\nLe informazioni presenti nel sito sono ricavate da quelle fornite dai produttori inseriti nel nostro catalogo. Lo Scoiattolo si riserva la facolt\u00e0 di modificarle\/adeguarle in base a quanto comunicato man mano dai produttori, anche senza preavviso alcuno; salvi gli ordinativi gi\u00e0 accettati. Le immagini, nonch\u00e9 i colori dei prodotti pubblicati potrebbero differire da quelli reali.<br \/>\nLo Scoiattolo si impegna a correggere\/rettificare eventuali errori e\/o imprecisioni, ovvero ad integrare la descrizione dei prodotti offerti in vendita sul Sito, non appena possibile, allorquando dovesse ricevere segnalazioni degli utenti.<\/p>\n<p><strong>5. Disponibilit\u00e0 dei prodotti<\/strong><br \/>\nGli articoli posti in vendita nel Sito sono divisi in due categorie: quelli del listino settimanale sono immediatamente disponibili o lo sono alla data indicata per la consegna, mentre per quelli del \u201clistino continuativo\u201d \u00e8 previsto un tempo di consegna che verr\u00e0 comunicato via e-mail all&#8217;utente, tendenzialmente inferiore a un mese.<br \/>\nLaddove, successivamente alla conferma dell\u2019ordine, uno o pi\u00f9 prodotti non dovessero essere disponibili, il Cliente verr\u00e0 informato tempestivamente tramite e-mail o telefono: laddove il pagamento fosse gi\u00e0 stato eseguito, Lo Scoiattolo effettuer\u00e0 il rimborso dell&#8217;intera somma, entro il termine di sette giorni a decorrere dal giorno successivo all&#8217;accettazione dell&#8217;ordine. Il rimborso verr\u00e0 effettuato tramite riaccredito o bonifico bancario o, laddove richiesto dall&#8217;utente, tramite buono di acquisto. Il Cliente verr\u00e0 poi informato circa la disponibilit\u00e0 del prodotto\/i mancante\/i e avr\u00e0 facolt\u00e0 di effettuare un nuovo ordine, ove lo desideri ancora.<\/p>\n<p><strong>6. Prezzi<\/strong><br \/>\nTutti i prezzi presenti sul sito sono espressi in Euro\/\u20ac e sono IVA inclusa. I detentori di Partita IVA possono visualizzare i prezzi IVA esclusa se forniti di apposita password e link di accesso. I prezzi comprendono il costo del prodotto e il costo di gestione dell\u2019ordine e possono essere modificati in qualsiasi momento e senza preavviso, fatti salvi gli ordini gi\u00e0 accettati.<br \/>\nI prezzi di listino sono al netto di eventuali sconti e promozioni: Lo Scoiattolo si riserva la facolt\u00e0 di emettere buoni sconto e\/o coupon e di disciplinarne l&#8217;uso, di volta in volta, fornendo le relative istruzioni. Si riserva anche la facolt\u00e0 di revocare\/annullare i buoni in caso di attivit\u00e0 illecita da parte del Cliente.<\/p>\n<p><strong>7. Ordini<\/strong><br \/>\nGli ordini e-commerce possono essere inoltrati esclusivamente on-line, tramite il sito. Inoltre, l&#8217;user si impegna al termine di ciascuna sessione ad uscire dal proprio account con l&#8217;apposito comando. Il nostro sito \u00e8 sottoposto a controllo dettagliato degli accessi e tramite il log dello stesso saremo in grado di dimostrare eventuali difformit\u00e0 comportamentali del Cliente e contestarle.<br \/>\n<strong>8. Accettazione dell&#8217;ordine<\/strong><br \/>\nL&#8217;ordine ricevuto sar\u00e0 vincolante solo se l&#8217;intera procedura viene completata correttamente e senza alcuna evidenziazione di messaggi di errore da parte del Sito. In un secondo tempo, per ogni ordine andato a buon fine il Cliente ricever\u00e0 tramite posta elettronica (all&#8217;e-mail indicata all&#8217;atto della registrazione) la conferma che la proposta d&#8217;ordine \u00e8 stata inserita nel nostro sistema gestionale. Questa conferma conterr\u00e0 il riepilogo dei prodotti ordinati, i relativi prezzi e le condizioni generali e particolari applicabili all&#8217;ordine stesso.<br \/>\nTale ordine pu\u00f2 essere successivamente modificato con comunicazione tramite email al Cliente di eventuale rifiuto parziale o totale per carenza di prodotto, o motivi contabili o amministrativi.<br \/>\nLa conclusione del contratto di vendita si perfeziona nel rispetto dell&#8217;iter previsto nel Sito e con l&#8217;effettivo pagamento della merce oggetto dell\u2019ordine da parte del Cliente. Alla conclusione del contratto l&#8217;ordine sar\u00e0 archiviato sul nostro server.<\/p>\n<p><strong>9. Rettifica o annullamento dell&#8217;ordine<\/strong><br \/>\nIn aggiunta a quanto previsto al punto \u201c12. Diritto di recesso\u201d il Cliente pu\u00f2 rettificare o annullare un ordine inviando una e-mail a <a href=\"mailto:bottega@scoiattolo.org\">bottega@scoiattolo.org<\/a> o entro le 12.00 del giorno feriale successivo alla spedizione dell\u2019ordine stesso. Ogni richiesta di rettifica o annullamento oltre i termini consentiti sar\u00e0 da ritenersi non valida.<\/p>\n<p><strong>10. Pagamento<\/strong><br \/>\nI pagamenti possono essere effettuati direttamente dal Sito tramite PayPal, oppure con bonifico bancario o pagamento in contanti alla consegna (contrassegno) a partire dal secondo ordine. Si rimanda alla specifica sezione per ulteriori informazioni. I dati delle transazioni tramite carta di credito non vengono trattati direttamente dallo Scoiattolo, bens\u00ec dal server di PayPal, che \u00e8 coperto dai pi\u00f9 alti protocolli di sicurezza internazionale. In ogni caso Lo Scoiattolo si riserva di non inviare o consegnare la merce nel caso in cui il pagamento non pervenisse in tempo utile.<\/p>\n<p><strong>11. Fatturazione e documenti accompagnatori<\/strong><br \/>\nPer ogni ordine effettuato Lo Scoiattolo emette fattura accompagnatoria, inviandola insieme alla merce ordinata: per l&#8217;emissione della fattura fanno fede le informazioni fornite dal Cliente all&#8217;atto della registrazione. Nessuna variazione in fattura sar\u00e0 possibile, dopo l&#8217;emissione della stessa.<\/p>\n<p><strong>12. Consegna<\/strong><br \/>\nLo Scoiattolo si avvale di un proprio servizio per la consegna dei prodotti ordinati nel punto di ritiro scelto dal Cliente tra quelli proposti sul sito, e il costo della consegna \u00e8 incluso nel prezzo di vendita.<br \/>\nEventuali errori di spedizioni o mancanze o difformit\u00e0 dei prodotti dovranno essere segnalate inviando una e-mail a <a href=\"mailto:bottega@scoiattolo.org\">bottega@scoiattolo.org<\/a> entro le 12.00 del giorno feriale successivo alla consegna dell\u2019ordine stesso.<br \/>\n\u00c8 anche possibile concordare forme di consegna diverse, a prezzo concordato, per le quali si rimanda alle informazioni nella specifica sezione.<br \/>\nEventuali periodi di sospensione delle consegne verranno pubblicati sul Sito.<\/p>\n<p><strong>13. Diritto di Recesso<\/strong><br \/>\nIl diritto di recesso \u00e8 regolato in conformit\u00e0 con quanto previsto dal Decreto Legislativo 206-2005 (e successive modifiche ed integrazioni): il Cliente-consumatore (ossia una persona fisica che acquista la merce per scopi non riferibili alla propria attivit\u00e0 professionale, ovvero non effettua l\u2019acquisto indicando nel modulo d\u2019ordine un riferimento di partita IVA) ove non soddisfatto dei prodotti ovvero del contenuto dei servizi acquistati, pu\u00f2 restituire i prodotti medesimi o rinunciare al diritto alla prestazione dei servizi ed ottenere il rimborso del prezzo gi\u00e0 corrisposto in sede di pagamento anticipato.<br \/>\nIn considerazione della natura alimentare di parte dei beni proposti in vendita su questo Sito, nel principale interesse e nella tutela della salute del consumatore, come previsto dal Decreto Legislativo n. 21 del 21\/02\/14, il diritto di recesso non si applica sulla fornitura di alimenti, bevande o altri beni destinati al consumo corrente nella famiglia e fisicamente forniti da un professionista in giri frequenti e regolari al domicilio, alla residenza o al posto di lavoro del consumatore.<br \/>\nNegli altri casi per esercitare il diritto di recesso il Cliente deve inviare allo Scoiattolo una comunicazione entro 10 giorni lavorativi a far data dalla data di consegna della merce. Tale comunicazione dovr\u00e0 essere inviata a mezzo lettera raccomandata con ricevuta di ritorno indirizzata a: Cooperativa Sociale Lo Scoiattolo &#8211; Sede operativa, Via Setta 64, 40037 Sasso Marconi (BO).<\/p>\n<p><strong>14. Garanzia e conformit\u00e0 dei prodotti<\/strong><br \/>\nI prodotti offerti in vendita sul Sito sono conformi alla legislazione in materia e Lo Scoiattolo garantisce il rispetto di tutti i requisiti igienico-sanitari nello stoccaggio presso la propria sede, in conformit\u00e0 alle normative igienico-sanitarie e al protocollo HACCP.<\/p>\n<p><strong>15. Sospensione delle vendite<\/strong><br \/>\nLo Scoiattolo si riserva il diritto di sospendere temporaneamente le vendite, e quindi l&#8217;erogazione di qualsivoglia servizio connesso alle stesse e relativo al Sito, senza preavviso alcuno ma pubblicando un avviso sul Sito e ci\u00f2 per il tempo che riterr\u00e0 necessario, senza che questo implichi responsabilit\u00e0 alcuna a proprio carico.<\/p>\n<p><strong>16. Trattamento dei Dati Personali<\/strong><br \/>\nAi sensi della Legge n. 196\/03 in materia di privacy, il Cliente da atto che i \u201cdati personali\u201d comunicati e\/o scambiati, anche in fase di informative precontrattuali, saranno oggetto di trattamento ai sensi, per gli effetti e con le finalit\u00e0 di cui all&#8217;art. 12, comma 1, lettere b), c), d) ed f) della Legge nr. 196\/03 e successive modificazioni ed integrazioni.<br \/>\nResta, inoltre, inteso che il cliente Acconsente espressamente al trasferimento dei \u201cdati personali\u201d ai sensi e per gli effetti dell&#8217;art. 28 comma 4 lettera a) della Legge nr. 196\/03 e, comunque, alla loro comunicazione e diffusione ai sensi e per gli effetti dell&#8217;art. 20 comma 1 lettera a) della citata legge.<\/p>\n<p><strong>17. Responsabilit\u00e0 e cause di forza maggiore<\/strong><br \/>\nLo Scoiattolo declina ogni responsabilit\u00e0 per danni o perdite, diretti o indiretti, derivanti dai prodotti \u2013 dei quali \u00e8 mero distributore \u2013 o dall&#8217;uso degli stessi e dalla prestazione di servizi \u2013 dei quali \u00e8 mero intermediario. La Cooperativa Lo Scoiattolo far\u00e0 tutto quanto in sua possibilit\u00e0 per tenere fede alle proprie obbligazioni. Tuttavia, non pu\u00f2 essere ritenuta responsabile per ritardi o mancate consegne provocate da eventi e circostanze al di fuori del suo ragionevole controllo e tali da rendere impossibile il trasporto o la consegna dei prodotti ordinati.<\/p>\n<p><strong>18. Condizioni<\/strong><\/p>\n<p>Le condizioni contenute nel presente documento potranno essere modificate, senza preavviso alcuno e avranno validit\u00e0 dalla data di pubblicazione nel Nostro sito Internet, fatti salvi gli ordini gi\u00e0 accettati.<\/p>\n<p><strong>19. Disposizioni finali: legge applicabile e foro competente<\/strong><br \/>\nLe Condizioni Generali sono disciplinate dalla legge italiana in materia. Per quanto non indicato in queste condizioni, si rimanda al Codice del Consumo (d.lgs. 206\/2005). Per qualsiasi controversia sar\u00e0 competente il Foro di residenza di Bologna.<\/p>\n<p><strong>Consenso a proseguire<\/strong><\/p>\n<p>Esplicitamente e specificamente approvo le clausole onerose contenute nelle condizioni generali di contratto che precedono ed, esattamente, quelle di cui ai numeri:<br \/>\n2 \u2013 Registrazione degli utenti<br \/>\n3 \u2013 Informazioni sui prodotti<br \/>\n9 \u2013 Pagamenti. (facolt\u00e0 di recesso del rivenditore).<br \/>\n11 \u2013 Consegna (obbligo d&#8217;accertamento immediato di vizi apparenti e difformit\u00e0. Condizioni e termine di segnalazione).<br \/>\n12 \u2013 Diritto di Recesso<br \/>\n15 \u2013 Trattamento dati personali.<br \/>\n17 \u2013 Disposizioni finali.<\/p>\n<p>Sottoscrivendo per approvazione le clausole onerose sopra menzionate in occasione del primo ordine successivo alla pubblicazione in Internet delle condizioni generali di vendita che precedono, intendo darne approvazione \u2013 qualora rimangano invariate \u2013 anche per gli ordini successivi, salva mia diversa e specifica comunicazione alla Cooperativa Lo Scoiattolo.<\/p>\n","protected":false},"excerpt":{"rendered":"<p>1. PREMESSA Questo sito \u00e8 di propriet\u00e0 della Cooperativa Sociale Lo Scoiattolo, con sede legale in Monzuno (40036 BO), Via Bignardi 13, Italia (Sede operativa a Sasso Marconi (40037 BO), Via Setta 64. P. IVA 00663841203, registrata presso la Camera di Commercio di Bologna, REA BO- 318087 (di seguito \u201cLo Scoiattolo\u201d) ed \u00e8 dedicato alla [&hellip;]<\/p>\n","protected":false},"author":4,"featured_media":0,"parent":0,"menu_order":0,"comment_status":"closed","ping_status":"closed","template":"fullwidth.php","meta":{"_uag_custom_page_level_css":"","footnotes":""},"class_list":["post-38","page","type-page","status-publish","hentry"],"yoast_head":"<!-- This site is optimized with the Yoast SEO plugin v27.3 - https:\/\/yoast.com\/product\/yoast-seo-wordpress\/ -->\n<title>Termini e condizioni - La bottega dello Scoiattolo<\/title>\n<meta name=\"robots\" content=\"index, follow, max-snippet:-1, max-image-preview:large, max-video-preview:-1\" \/>\n<link rel=\"canonical\" href=\"https:\/\/bottega.scoiattolo.org\/index.php\/termini-e-condizioni\/\" \/>\n<meta name=\"twitter:label1\" content=\"Tempo di lettura stimato\" \/>\n\t<meta name=\"twitter:data1\" content=\"10 minuti\" \/>\n<script type=\"application\/ld+json\" class=\"yoast-schema-graph\">{\"@context\":\"https:\\\/\\\/schema.org\",\"@graph\":[{\"@type\":\"WebPage\",\"@id\":\"https:\\\/\\\/bottega.scoiattolo.org\\\/index.php\\\/termini-e-condizioni\\\/\",\"url\":\"https:\\\/\\\/bottega.scoiattolo.org\\\/index.php\\\/termini-e-condizioni\\\/\",\"name\":\"Termini e condizioni - La bottega dello Scoiattolo\",\"isPartOf\":{\"@id\":\"https:\\\/\\\/bottega.scoiattolo.org\\\/#website\"},\"datePublished\":\"2018-06-29T09:40:17+00:00\",\"dateModified\":\"2019-10-09T13:37:17+00:00\",\"breadcrumb\":{\"@id\":\"https:\\\/\\\/bottega.scoiattolo.org\\\/index.php\\\/termini-e-condizioni\\\/#breadcrumb\"},\"inLanguage\":\"it-IT\",\"potentialAction\":[{\"@type\":\"ReadAction\",\"target\":[\"https:\\\/\\\/bottega.scoiattolo.org\\\/index.php\\\/termini-e-condizioni\\\/\"]}]},{\"@type\":\"BreadcrumbList\",\"@id\":\"https:\\\/\\\/bottega.scoiattolo.org\\\/index.php\\\/termini-e-condizioni\\\/#breadcrumb\",\"itemListElement\":[{\"@type\":\"ListItem\",\"position\":1,\"name\":\"Home\",\"item\":\"https:\\\/\\\/bottega.scoiattolo.org\\\/\"},{\"@type\":\"ListItem\",\"position\":2,\"name\":\"Termini e condizioni\"}]},{\"@type\":\"WebSite\",\"@id\":\"https:\\\/\\\/bottega.scoiattolo.org\\\/#website\",\"url\":\"https:\\\/\\\/bottega.scoiattolo.org\\\/\",\"name\":\"La bottega dello Scoiattolo\",\"description\":\"Prodotti biologici locali\",\"publisher\":{\"@id\":\"https:\\\/\\\/bottega.scoiattolo.org\\\/#organization\"},\"potentialAction\":[{\"@type\":\"SearchAction\",\"target\":{\"@type\":\"EntryPoint\",\"urlTemplate\":\"https:\\\/\\\/bottega.scoiattolo.org\\\/?s={search_term_string}\"},\"query-input\":{\"@type\":\"PropertyValueSpecification\",\"valueRequired\":true,\"valueName\":\"search_term_string\"}}],\"inLanguage\":\"it-IT\"},{\"@type\":\"Organization\",\"@id\":\"https:\\\/\\\/bottega.scoiattolo.org\\\/#organization\",\"name\":\"La bottega dello Scoiattolo\",\"url\":\"https:\\\/\\\/bottega.scoiattolo.org\\\/\",\"logo\":{\"@type\":\"ImageObject\",\"inLanguage\":\"it-IT\",\"@id\":\"https:\\\/\\\/bottega.scoiattolo.org\\\/#\\\/schema\\\/logo\\\/image\\\/\",\"url\":\"https:\\\/\\\/bottega.scoiattolo.org\\\/wp-content\\\/uploads\\\/BV_logotondo.png\",\"contentUrl\":\"https:\\\/\\\/bottega.scoiattolo.org\\\/wp-content\\\/uploads\\\/BV_logotondo.png\",\"width\":2329,\"height\":2275,\"caption\":\"La bottega dello Scoiattolo\"},\"image\":{\"@id\":\"https:\\\/\\\/bottega.scoiattolo.org\\\/#\\\/schema\\\/logo\\\/image\\\/\"},\"sameAs\":[\"https:\\\/\\\/www.facebook.com\\\/bottega.scoiattolo.org\\\/\"]}]}<\/script>\n<!-- \/ Yoast SEO plugin. -->","yoast_head_json":{"title":"Termini e condizioni - La bottega dello Scoiattolo","robots":{"index":"index","follow":"follow","max-snippet":"max-snippet:-1","max-image-preview":"max-image-preview:large","max-video-preview":"max-video-preview:-1"},"canonical":"https:\/\/bottega.scoiattolo.org\/index.php\/termini-e-condizioni\/","twitter_misc":{"Tempo di lettura stimato":"10 minuti"},"schema":{"@context":"https:\/\/schema.org","@graph":[{"@type":"WebPage","@id":"https:\/\/bottega.scoiattolo.org\/index.php\/termini-e-condizioni\/","url":"https:\/\/bottega.scoiattolo.org\/index.php\/termini-e-condizioni\/","name":"Termini e condizioni - La bottega dello Scoiattolo","isPartOf":{"@id":"https:\/\/bottega.scoiattolo.org\/#website"},"datePublished":"2018-06-29T09:40:17+00:00","dateModified":"2019-10-09T13:37:17+00:00","breadcrumb":{"@id":"https:\/\/bottega.scoiattolo.org\/index.php\/termini-e-condizioni\/#breadcrumb"},"inLanguage":"it-IT","potentialAction":[{"@type":"ReadAction","target":["https:\/\/bottega.scoiattolo.org\/index.php\/termini-e-condizioni\/"]}]},{"@type":"BreadcrumbList","@id":"https:\/\/bottega.scoiattolo.org\/index.php\/termini-e-condizioni\/#breadcrumb","itemListElement":[{"@type":"ListItem","position":1,"name":"Home","item":"https:\/\/bottega.scoiattolo.org\/"},{"@type":"ListItem","position":2,"name":"Termini e condizioni"}]},{"@type":"WebSite","@id":"https:\/\/bottega.scoiattolo.org\/#website","url":"https:\/\/bottega.scoiattolo.org\/","name":"La bottega dello Scoiattolo","description":"Prodotti biologici locali","publisher":{"@id":"https:\/\/bottega.scoiattolo.org\/#organization"},"potentialAction":[{"@type":"SearchAction","target":{"@type":"EntryPoint","urlTemplate":"https:\/\/bottega.scoiattolo.org\/?s={search_term_string}"},"query-input":{"@type":"PropertyValueSpecification","valueRequired":true,"valueName":"search_term_string"}}],"inLanguage":"it-IT"},{"@type":"Organization","@id":"https:\/\/bottega.scoiattolo.org\/#organization","name":"La bottega dello Scoiattolo","url":"https:\/\/bottega.scoiattolo.org\/","logo":{"@type":"ImageObject","inLanguage":"it-IT","@id":"https:\/\/bottega.scoiattolo.org\/#\/schema\/logo\/image\/","url":"https:\/\/bottega.scoiattolo.org\/wp-content\/uploads\/BV_logotondo.png","contentUrl":"https:\/\/bottega.scoiattolo.org\/wp-content\/uploads\/BV_logotondo.png","width":2329,"height":2275,"caption":"La bottega dello Scoiattolo"},"image":{"@id":"https:\/\/bottega.scoiattolo.org\/#\/schema\/logo\/image\/"},"sameAs":["https:\/\/www.facebook.com\/bottega.scoiattolo.org\/"]}]}},"uagb_featured_image_src":{"full":false,"thumbnail":false,"medium":false,"medium_large":false,"large":false,"1536x1536":false,"2048x2048":false},"uagb_author_info":{"display_name":"Paolo Tintori","author_link":"https:\/\/bottega.scoiattolo.org\/index.php\/author\/tintori2\/"},"uagb_comment_info":0,"uagb_excerpt":"1. PREMESSA Questo sito \u00e8 di propriet\u00e0 della Cooperativa Sociale Lo Scoiattolo, con sede legale in Monzuno (40036 BO), Via Bignardi 13, Italia (Sede operativa a Sasso Marconi (40037 BO), Via Setta 64. P. IVA 00663841203, registrata presso la Camera di Commercio di Bologna, REA BO- 318087 (di seguito \u201cLo Scoiattolo\u201d) ed \u00e8 dedicato alla&hellip;","_links":{"self":[{"href":"https:\/\/bottega.scoiattolo.org\/index.php\/wp-json\/wp\/v2\/pages\/38","targetHints":{"allow":["GET"]}}],"collection":[{"href":"https:\/\/bottega.scoiattolo.org\/index.php\/wp-json\/wp\/v2\/pages"}],"about":[{"href":"https:\/\/bottega.scoiattolo.org\/index.php\/wp-json\/wp\/v2\/types\/page"}],"author":[{"embeddable":true,"href":"https:\/\/bottega.scoiattolo.org\/index.php\/wp-json\/wp\/v2\/users\/4"}],"replies":[{"embeddable":true,"href":"https:\/\/bottega.scoiattolo.org\/index.php\/wp-json\/wp\/v2\/comments?post=38"}],"version-history":[{"count":5,"href":"https:\/\/bottega.scoiattolo.org\/index.php\/wp-json\/wp\/v2\/pages\/38\/revisions"}],"predecessor-version":[{"id":2212,"href":"https:\/\/bottega.scoiattolo.org\/index.php\/wp-json\/wp\/v2\/pages\/38\/revisions\/2212"}],"wp:attachment":[{"href":"https:\/\/bottega.scoiattolo.org\/index.php\/wp-json\/wp\/v2\/media?parent=38"}],"curies":[{"name":"wp","href":"https:\/\/api.w.org\/{rel}","templated":true}]}}